ctors of 4101?
3, 1367
List the prime factors of 63772.
2, 107, 149
What are the prime factors of 568?
2, 71
What are the prime factors of 1286?
2, 643
List the prime factors of 37967.
37967
List the prime factors of 1217.
1217
List the prime factors of 3568.
2, 223
List the prime factors of 3570.
2, 3, 5, 7, 17
What are the prime factors of 14389?
14389
List the prime factors of 928.
2, 29
What are the prime factors of 139110?
2, 3, 5, 4637
List the prime factors of 1062.
2, 3, 59
What are the prime factors of 3264?
2, 3, 17
What are the prime factors of 3227?
7, 461
What are the prime factors of 1924?
2, 13, 37
What are the prime factors of 68389?
68389
What are the prime factors of 32137?
7, 4591
List the prime factors of 7401.
3, 2467
List the prime factors of 21472.
2, 11, 61
What are the prime factors of 60747?
3, 20249
List the prime factors of 46938.
2, 3, 7823
What are the prime factors of 361?
19
What are the prime factors of 101?
101
List the prime factors of 15148.
2, 7, 541
What are the prime factors of 46353?
3, 15451
What are the prime factors of 66?
2, 3, 11
What are the prime factors of 34531?
7, 4933
List the prime factors of 1099.
7, 157
List the prime factors of 2297.
2297
What are the prime factors of 530?
2, 5, 53
What are the prime factors of 41096?
2, 11, 467
What are the prime factors of 22882?
2, 17, 673
List the prime factors of 16161.
3, 5387
What are the prime factors of 3334?
2, 1667
What are the prime factors of 252?
2, 3, 7
What are the prime factors of 98936?
2, 83, 149
What are the prime factors of 22713?
3, 67, 113
What are the prime factors of 30443?
7, 4349
List the prime factors of 1067.
11, 97
What are the prime factors of 54854?
2, 27427
What are the prime factors of 4430?
2, 5, 443
What are the prime factors of 7599?
3, 17, 149
What are the prime factors of 25?
5
What are the prime factors of 2479?
37, 67
List the prime factors of 14888.
2, 1861
What are the prime factors of 6539?
13, 503
What are the prime factors of 39323?
39323
List the prime factors of 77016.
2, 3, 3209
List the prime factors of 7502.
2, 11, 31
What are the prime factors of 92869?
7, 13267
What are the prime factors of 109554?
2, 3, 19, 31
What are the prime factors of 649?
11, 59
List the prime factors of 1899.
3, 211
List the prime factors of 286.
2, 11, 13
What are the prime factors of 136248?
2, 3, 7, 811
List the prime factors of 46548.
2, 3, 431
What are the prime factors of 71616?
2, 3, 373
What are the prime factors of 41196?
2, 3, 3433
What are the prime factors of 951?
3, 317
What are the prime factors of 10111?
10111
List the prime factors of 1895.
5, 379
List the prime factors of 8152.
2, 1019
What are the prime factors of 117?
3, 13
List the prime factors of 82471.
82471
What are the prime factors of 3301?
3301
What are the prime factors of 7926?
2, 3, 1321
What are the prime factors of 968?
2, 11
List the prime factors of 702.
2, 3, 13
List the prime factors of 13548.
2, 3, 1129
What are the prime factors of 30979?
13, 2383
What are the prime factors of 6999?
3, 2333
List the prime factors of 208.
2, 13
What are the prime factors of 43264?
2, 13
What are the prime factors of 5240?
2, 5, 131
What are the prime factors of 33130?
2, 5, 3313
What are the prime factors of 411?
3, 137
What are the prime factors of 1717?
17, 101
What are the prime factors of 1990?
2, 5, 199
What are the prime factors of 20126?
2, 29, 347
What are the prime factors of 24192?
2, 3, 7
What are the prime factors of 23586?
2, 3, 3931
List the prime factors of 832.
2, 13
What are the prime factors of 110274?
2, 3, 18379
What are the prime factors of 6911?
6911
List the prime factors of 2473.
2473
List the prime factors of 2144.
2, 67
What are the prime factors of 77485?
5, 15497
What are the prime factors of 17?
17
What are the prime factors of 2362?
2, 1181
List the prime factors of 17392.
2, 1087
List the prime factors of 12122.
2, 11, 19, 29
List the prime factors of 859.
859
What are the prime factors of 601?
601
List the prime factors of 3566.
2, 1783
What are the prime factors of 17209?
17209
List the prime factors of 52016.
2, 3251
List the prime factors of 5530.
2, 5, 7, 79
What are the prime factors of 27336?
2, 3, 17, 67
List the prime factors of 3475.
5, 139
List the prime factors of 30305.
5, 11, 19, 29
What are the prime factors of 2206?
2, 1103
What are the prime factors of 9287?
37, 251
What are the prime factors of 393?
3, 131
What are the prime factors of 4828?
2, 17, 71
What are the prime factors of 38355?
3, 5, 2557
List the prime factors of 38275.
5, 1531
What are the prime factors of 9943?
61, 163
List the prime factors of 44.
2, 11
List the prime factors of 62296.
2, 13, 599
What are the prime factors of 9478?
2, 7, 677
List the prime factors of 474.
2, 3, 79
What are the prime factors of 37770?
2, 3, 5, 1259
List the prime factors of 3624.
2, 3, 151
List the prime factors of 3832.
2, 479
What are the prime factors of 43028?
2, 31, 347
List the prime factors of 707.
7, 101
List the prime factors of 26516.
2, 7, 947
What are the prime factors of 27197?
27197
What are the prime factors of 17258?
2, 8629
List the prime factors of 84917.
7, 1733
List the prime factors of 1470.
2, 3, 5, 7
List the prime factors of 309.
3, 103
List the prime factors of 17066.
2, 7, 23, 53
What are the prime factors of 121190?
2, 5, 12119
List the prime factors of 784.
2, 7
What are the prime factors of 20628?
2, 3, 191
List the prime factors of 36936.
2, 3, 19
List the prime factors of 212.
2, 53
List the prime factors of 948.
2, 3, 79
What are the prime factors of 106440?
2, 3, 5, 887
List the prime factors of 1558.
2, 19, 41
What are the prime factors of 9349?
9349
List the prime factors of 1479.
3, 17, 29
List the prime factors of 134.
2, 67
List the prime factors of 3453.
3, 1151
What are the prime factors of 2967?
3, 23, 43
List the prime factors of 1109.
1109
List the prime factors of 19327.
7, 11, 251
List the prime factors of 1006.
2, 503
List the prime factors of 2492.
2, 7, 89
List the prime factors of 14275.
5, 571
List the prime factors of 4934.
2, 2467
List the prime factors of 15921.
3, 29, 61
What are the prime factors of 375?
3, 5
What are the prime factors of 26503?
17, 1559
What are the prime factors of 3497?
13, 269
List the prime factors of 5516.
2, 7, 197
List the prime factors of 35288.
2, 11, 401
What are the prime factors of 34847?
34847
What are the prime factors of 4682?
2, 2341
What are the prime factors of 136?
2, 17
What are the prime factors of 4671?
3, 173
What are the prime factors of 14003?
11, 19, 67
What are the prime factors of 217?
7, 31
What are the prime factors of 751?
751
What are the prime factors of 210?
2, 3, 5, 7
What are the prime factors of 150?
2, 3, 5
List the prime factors of 22472.
2, 53
What are the prime factors of 2351?
2351
What are the prime factors of 11125?
5, 89
List the prime factors of 621.
3, 23
What are the prime factors of 7?
7
What are the prime factors of 81921?
3, 7, 47, 83
List the prime factors of 17384.
2, 41, 53
What are the prime factors of 635?
5, 127
What are the prime factors of 14875?
5, 7, 17
What are the prime factors of 782?
2, 17, 23
What are the prime factors of 111674?
2, 55837
List the prime factors of 187.
11, 17
List the prime factors of 28787.
11, 2617
What are the prime factors of 1524?
2, 3, 127
What are the prime factors of 4868?
2, 1217
List the prime factors of 2923.
37, 79
List the prime factors of 573.
3, 191
What are the prime factors of 4084?
2, 1021
What are the prime factors of 113438?
2, 13, 4363
What are the prime factors of 141?
3, 47
What are the prime factors of 1427?
1427
What are the prime factors of 924?
2, 3, 7, 11
What are the prime factors of 7286?
2, 3643
List the prime factors of 347.
347
List the prime factors of 2985.
3, 5, 199
What are the prime factors of 178?
2, 89
List the prime factors of 111539.
111539
List the prime factors of 2631.
3, 877
What are the prime factors of 3812?
2, 953
What are the prime factors of 18609?
3, 6203
What are the prime factors of 561?
3, 11, 17
List the prime factors of 5398.
2, 2699
What are the prime factors of 4488?
2, 3, 11, 17
List the prime factors of 246.
2, 3, 41
What are the prime factors of 3